{"id":20361,"date":"2023-07-11T11:13:37","date_gmt":"2023-07-11T09:13:37","guid":{"rendered":"http:\/\/preproduction.mediagenic.ch\/wp-content\/uploads\/2023\/07\/ico_mediagenic2.jpg"},"modified":"2023-08-07T11:45:04","modified_gmt":"2023-08-07T09:45:04","slug":"ico_mediagenic2-2","status":"inherit","type":"attachment","link":"https:\/\/www.mediagenic.ch\/de\/ico_mediagenic2-2\/","title":{"rendered":"Logo Mediagenic, Mediaagentur"},"author":1,"featured_media":0,"comment_status":"open","ping_status":"closed","template":"","meta":[],"class_list":["post-20361","attachment","type-attachment","status-inherit","hentry"],"description":{"rendered":"<p class=\"attachment\"><a href='https:\/\/www.mediagenic.ch\/wp-content\/uploads\/2023\/07\/ico_mediagenic2.jpg'><img loading=\"lazy\" decoding=\"async\" width=\"228\" height=\"228\" src=\"https:\/\/www.mediagenic.ch\/wp-content\/uploads\/2023\/07\/ico_mediagenic2.jpg\" class=\"attachment-medium size-medium\" alt=\"Logo der Media- und Digitalagentur Mediagenic in Lausanne\" srcset=\"https:\/\/www.mediagenic.ch\/wp-content\/uploads\/2023\/07\/ico_mediagenic2.jpg 228w, https:\/\/www.mediagenic.ch\/wp-content\/uploads\/2023\/07\/ico_mediagenic2-80x80.jpg 80w\" sizes=\"auto, (max-width: 228px) 100vw, 228px\" \/><\/a><\/p>\n<p>MG steht f\u00fcr das K\u00fcrzel des Logo der Media- und Digitalagentur Mediagenic in Lausanne, die von Saverio Progano gegr\u00fcndet wurde.<\/p>\n"},"caption":{"rendered":"<p>MG steht f\u00fcr das K\u00fcrzel des Logo der Media- und Digitalagentur Mediagenic in Lausanne, die von Saverio Progano gegr\u00fcndet wurde.<\/p>\n"},"alt_text":"Logo der Media- und Digitalagentur Mediagenic in Lausanne","media_type":"image","mime_type":"image\/jpeg","media_details":{"width":228,"height":228,"file":"2023\/07\/ico_mediagenic2.jpg","filesize":3750,"sizes":{"thumbnail":{"file":"ico_mediagenic2-80x80.jpg","width":80,"height":80,"filesize":1403,"mime_type":"image\/jpeg","source_url":"https:\/\/www.mediagenic.ch\/wp-content\/uploads\/2023\/07\/ico_mediagenic2-80x80.jpg"},"cmplz_banner_image":{"file":"ico_mediagenic2-228x100.jpg","width":228,"height":100,"filesize":3784,"mime_type":"image\/jpeg","source_url":"https:\/\/www.mediagenic.ch\/wp-content\/uploads\/2023\/07\/ico_mediagenic2-228x100.jpg"},"full":{"file":"ico_mediagenic2.jpg","width":228,"height":228,"mime_type":"image\/jpeg","source_url":"https:\/\/www.mediagenic.ch\/wp-content\/uploads\/2023\/07\/ico_mediagenic2.jpg"}},"image_meta":{"aperture":"0","credit":"","camera":"","caption":"","created_timestamp":"0","copyright":"","focal_length":"0","iso":"0","shutter_speed":"0","title":"","orientation":"0","keywords":[]}},"post":null,"source_url":"https:\/\/www.mediagenic.ch\/wp-content\/uploads\/2023\/07\/ico_mediagenic2.jpg","_links":{"self":[{"href":"https:\/\/www.mediagenic.ch\/de\/wp-json\/wp\/v2\/media\/20361","targetHints":{"allow":["GET"]}}],"collection":[{"href":"https:\/\/www.mediagenic.ch\/de\/wp-json\/wp\/v2\/media"}],"about":[{"href":"https:\/\/www.mediagenic.ch\/de\/wp-json\/wp\/v2\/types\/attachment"}],"author":[{"embeddable":true,"href":"https:\/\/www.mediagenic.ch\/de\/wp-json\/wp\/v2\/users\/1"}],"replies":[{"embeddable":true,"href":"https:\/\/www.mediagenic.ch\/de\/wp-json\/wp\/v2\/comments?post=20361"}]}}

<p class="attachment"><a href='https://www.mediagenic.ch/wp-content/uploads/2023/07/ico_mediagenic2.jpg'><img loading="lazy" decoding="async" width="228" height="228" src="https://www.mediagenic.ch/wp-content/uploads/2023/07/ico_mediagenic2.jpg" class="attachment-medium size-medium" alt="Logo der Media- und Digitalagentur Mediagenic in Lausanne" srcset="https://www.mediagenic.ch/wp-content/uploads/2023/07/ico_mediagenic2.jpg 228w, https://www.mediagenic.ch/wp-content/uploads/2023/07/ico_mediagenic2-80x80.jpg 80w" sizes="auto, (max-width: 228px) 100vw, 228px" /></a></p>
<p>MG steht für das Kürzel des Logo der Media- und Digitalagentur Mediagenic in Lausanne, die von Saverio Progano gegründet wurde.</p>

<p>MG steht für das Kürzel des Logo der Media- und Digitalagentur Mediagenic in Lausanne, die von Saverio Progano gegründet wurde.</p>
