{"id":25057,"date":"2024-09-09T09:51:34","date_gmt":"2024-09-09T07:51:34","guid":{"rendered":"https:\/\/www.mediagenic.ch\/ausbildung\/"},"modified":"2025-04-28T12:54:39","modified_gmt":"2025-04-28T10:54:39","slug":"weiterbildung","status":"publish","type":"page","link":"https:\/\/www.mediagenic.ch\/de\/weiterbildung\/","title":{"rendered":"Weiterbildung"},"content":{"rendered":"\n<div class=\"row row-collapse row-full-width align-middle align-center\"  id=\"row-2015194683\">\n\n\n\t<div id=\"col-431897358\" class=\"col medium-6 small-12 large-6\"  data-animate=\"fadeInLeft\">\n\t\t\t\t<div class=\"col-inner\"  >\n\t\t\t\n\t\t\t\n\n<h1><span style=\"font-size: 140%;\">Unsere Expertise im Dienste der Weiterbildung<\/span><\/h1>\n<p>Wir bieten Schulungsmodule f\u00fcr Unternehmen in den Bereichen Kommunikation und Medien an.<\/p>\n\n\t\t<\/div>\n\t\t\t\t\n<style>\n#col-431897358 > .col-inner {\n  padding: 60px 60px 60px 60px;\n}\n<\/style>\n\t<\/div>\n\n\t\n\n\t<div id=\"col-1921520792\" class=\"col medium-6 small-12 large-6\"  >\n\t\t\t\t<div class=\"col-inner\"  >\n\t\t\t\n\t\t\t\n\n\t<div class=\"img has-hover x md-x lg-x y md-y lg-y\" id=\"image_47852225\">\n\t\t\t\t\t\t\t\t<div class=\"img-inner image-cover dark\" style=\"padding-top:100%;\">\n\t\t\t<img loading=\"lazy\" decoding=\"async\" width=\"1920\" height=\"1080\" src=\"https:\/\/www.mediagenic.ch\/wp-content\/uploads\/2024\/09\/Design-sans-titre2.png\" class=\"attachment-original size-original\" alt=\"\" srcset=\"https:\/\/www.mediagenic.ch\/wp-content\/uploads\/2024\/09\/Design-sans-titre2.png 1920w, https:\/\/www.mediagenic.ch\/wp-content\/uploads\/2024\/09\/Design-sans-titre2-300x169.png 300w, https:\/\/www.mediagenic.ch\/wp-content\/uploads\/2024\/09\/Design-sans-titre2-1030x579.png 1030w, https:\/\/www.mediagenic.ch\/wp-content\/uploads\/2024\/09\/Design-sans-titre2-768x432.png 768w, https:\/\/www.mediagenic.ch\/wp-content\/uploads\/2024\/09\/Design-sans-titre2-1536x864.png 1536w\" sizes=\"auto, (max-width: 1920px) 100vw, 1920px\" \/>\t\t\t\t\t\t\n\t\t\t\t\t<\/div>\n\t\t\t\t\t\t\t\t\n<style>\n#image_47852225 {\n  width: 100%;\n}\n<\/style>\n\t<\/div>\n\t\n\n\n\t\t<\/div>\n\t\t\t\t\n<style>\n#col-1921520792 > .col-inner {\n  padding: 0 0px 0px 0px;\n  margin: 0 0px 0px 0px;\n}\n<\/style>\n\t<\/div>\n\n\t\n\n<\/div>\n\t<section class=\"section\" id=\"section_279023591\">\n\t\t<div class=\"bg section-bg fill bg-fill  \" >\n\n\t\t\t\n\t\t\t<div class=\"section-bg-overlay absolute fill\"><\/div>\n\t\t\t\n\n\t\t<\/div>\n\n\t\t\n\n\t\t<div class=\"section-content relative\">\n\t\t\t\n\n<div class=\"row\"  id=\"row-611989690\">\n\n\n\t<div id=\"col-410212642\" class=\"col small-12 large-12\"  >\n\t\t\t\t<div class=\"col-inner\"  >\n\t\t\t\n\t\t\t\n\n<h2>Unser Engagement in der Weiterbildung und akademischen Ausbildung beim <strong>SAWI<\/strong><\/h2>\n\n\t\t<\/div>\n\t\t\t\t\n<style>\n#col-410212642 > .col-inner {\n  padding: 0px 30px 0px 30px;\n}\n<\/style>\n\t<\/div>\n\n\t\n\n\t<div id=\"col-2040800851\" class=\"col medium-6 small-12 large-6\"  >\n\t\t\t\t<div class=\"col-inner\"  >\n\t\t\t\n\t\t\t\n\n<p>Unser Engagement als Referent in der Weiterbildung (Eidgen\u00f6ssischer Fachausweis) und akademischen Ausbildung (Bachelor) beim SAWI beruht auf unserer Leidenschaft f\u00fcr den Wissensaustausch, die praktische Erfahrung und die Weiterentwicklung von Marketing- und Wirtschaftsexperten.<\/p>\n<p>Wir bieten umfassende Expertise in unserem spezifischen Bereich, basierend auf unserer Berufserfahrung und unseren Fachkenntnissen. Wir wissen, wie wichtig eine qualitativ hochwertige Weiterbildung ist, um mit den rasanten Entwicklungen in der Gesch\u00e4fts- und Marketingwelt Schritt zu halten.<\/p>\n<p>Durch die Zusammenarbeit mit dem SAWI haben wir die M\u00f6glichkeit, aktiv zum Lernen und zum Wachstum der Teilnehmer beizutragen. Wir k\u00f6nnen konkrete Beispiele, Fallstudien und Best Practices aus unserer Berufserfahrung weitergeben, wodurch die Teilnehmer eine praktische Perspektive erhalten und F\u00e4higkeiten entwickeln, die in ihrem T\u00e4tigkeitsbereich anwendbar sind.<\/p>\n<p>Als Referenten arbeiten wir eng mit dem p\u00e4dagogischen Team des SAWI zusammen, um relevante und aktuelle Bildungsprogramme zu entwerfen. Wir bem\u00fchen uns, qualitativ hochwertige Inhalte bereitzustellen, die auf solider Forschung und effektiven p\u00e4dagogischen Ans\u00e4tzen beruhen.<\/p>\n\n\t\t<\/div>\n\t\t\t\t\n<style>\n#col-2040800851 > .col-inner {\n  padding: 0px 30px 0px 30px;\n}\n<\/style>\n\t<\/div>\n\n\t\n\n\t<div id=\"col-998287912\" class=\"col medium-6 small-12 large-6\"  >\n\t\t\t\t<div class=\"col-inner\"  >\n\t\t\t\n\t\t\t\n\n<p>Wir achten auch auf die spezifischen Bed\u00fcrfnisse der Teilnehmer und passen uns an ihr Kompetenzniveau und ihre beruflichen Ziele an.<\/p>\n<p>Das Engagement als Referent im SAWI erm\u00f6glicht es uns auch, zur Entwicklung unserer eigenen Expertise beizutragen. Durch die Vorbereitung und Durchf\u00fchrung von Kursen vertiefen wir unser Verst\u00e4ndnis der Themen, die wir unterrichten, bleiben mit den neuesten Trends und Forschungen auf dem Laufenden und verbessern unsere F\u00e4higkeiten, Wissen zu kommunizieren und weiterzugeben.<\/p>\n<p>Dieses Engagement in der beruflichen Weiterbildung und akademischen Ausbildung beim SAWI beruht auf unserem Wunsch, unser Wissen und unsere Erfahrung mit Fachleuten zu teilen. Wir bem\u00fchen uns, den Teilnehmern einen Mehrwert zu bieten, indem wir ihnen qualitativ hochwertige, praktische und relevante Inhalte zur Verf\u00fcgung stellen. Es ist eine lohnende Gelegenheit, zum beruflichen Wachstum anderer beizutragen und gleichzeitig unsere eigene Entwicklung als Experten auf unserem Gebiet fortzusetzen.<\/p>\n\n\t\t<\/div>\n\t\t\t\t\n<style>\n#col-998287912 > .col-inner {\n  padding: 0px 30px 0px 30px;\n}\n<\/style>\n\t<\/div>\n\n\t\n\n<\/div>\n\n\t\t<\/div>\n\n\t\t\n<style>\n#section_279023591 {\n  padding-top: 60px;\n  padding-bottom: 60px;\n}\n#section_279023591 .section-bg-overlay {\n  background-color: rgba(255, 255, 255, 0.785);\n}\n#section_279023591 .section-bg.bg-loaded {\n  background-image: url(https:\/\/www.mediagenic.ch\/wp-content\/uploads\/2023\/06\/Element-4nur-logo.png);\n}\n#section_279023591 .section-bg {\n  background-position: 2% 15%;\n}\n#section_279023591 .ux-shape-divider--top svg {\n  height: 150px;\n  --divider-top-width: 100%;\n}\n#section_279023591 .ux-shape-divider--bottom svg {\n  height: 150px;\n  --divider-width: 100%;\n}\n<\/style>\n\t<\/section>\n\t\n\t<section class=\"section\" id=\"section_290471345\">\n\t\t<div class=\"bg section-bg fill bg-fill  bg-loaded\" >\n\n\t\t\t\n\t\t\t\n\t\t\t\n\n\t\t<\/div>\n\n\t\t\n\n\t\t<div class=\"section-content relative\">\n\t\t\t\n\n<div class=\"row\"  id=\"row-719032952\">\n\n\n\t<div id=\"col-1904127163\" class=\"col small-12 large-12\"  >\n\t\t\t\t<div class=\"col-inner\"  >\n\t\t\t\n\t\t\t\n\n<h2>Wir bieten Ausbildungsmodule f\u00fcr Unternehmen in den Bereichen Kommunikation und Medien an.<\/h2>\n\n\t\t<\/div>\n\t\t\t\t\n<style>\n#col-1904127163 > .col-inner {\n  padding: 0px 30px 0px 30px;\n}\n<\/style>\n\t<\/div>\n\n\t\n\n<\/div>\n<div class=\"row\"  id=\"row-942315467\">\n\n\n\t<div id=\"col-451646022\" class=\"col medium-6 small-12 large-6\"  >\n\t\t\t\t<div class=\"col-inner\"  >\n\t\t\t\n\t\t\t\n\n<p>Wir sind stolz darauf, Ausbildungsmodule f\u00fcr Unternehmen in den Bereichen Kommunikation und Medien anzubieten. Unser Ziel ist es, Unternehmen dabei zu unterst\u00fctzen, ihre F\u00e4higkeiten und ihr Verst\u00e4ndnis f\u00fcr effektive Kommunikationsstrategien, digitale und traditionelle Medien sowie die neuesten Trends in diesen Bereichen zu st\u00e4rken.<\/p>\n<p>Unsere Lernmodule sind massgeschneidert, um den spezifischen Bed\u00fcrfnissen jedes Unternehmens gerecht zu werden. Wir verstehen, dass jede Organisation ihre eigenen Herausforderungen und Ziele im Bereich der Kommunikation und der Medien hat. Daher arbeiten wir eng mit unseren Kunden zusammen, um Programme zu entwickeln, die auf ihre Bed\u00fcrfnisse zugeschnitten sind.<\/p>\n<p>Unsere Lernmodule decken ein breites Spektrum an Themen ab, wie z. B. das Management der Unternehmenskommunikation, die Erstellung einer effektiven Kommunikationsstrategie, das Management des Online-Rufs, Medienplanung, die Erstellung von ansprechenden Inhalten, digitales Marketing, soziale Medien, \u00d6ffentlichkeitsarbeit und vieles mehr.<\/p>\n<p>Wir st\u00fctzen uns auf unser umfassendes Fachwissen in den Bereichen Kommunikation und Medien, um qualitativ hochwertige Schulungen anzubieten. Unsere Trainer sind erfahrene Fachleute mit praktischen Kenntnissen der neuesten Trends und besten Praktiken. Sie sind in der Lage, ihr Wissen auf klare, einnehmende und interaktive Weise zu vermitteln.<\/p>\n\n\t\t<\/div>\n\t\t\t\t\n<style>\n#col-451646022 > .col-inner {\n  padding: 0px 30px 0px 30px;\n}\n<\/style>\n\t<\/div>\n\n\t\n\n\t<div id=\"col-234278308\" class=\"col medium-6 small-12 large-6\"  >\n\t\t\t\t<div class=\"col-inner\"  >\n\t\t\t\n\t\t\t\n\n<p>Bei unseren Schulungen setzen wir verschiedene Lehrmethoden ein, wie z. B. Fallstudien, praktische Workshops, Simulationen, Gruppendiskussionen und Pr\u00e4sentationen. Wir f\u00f6rdern auch den Erfahrungsaustausch zwischen den Teilnehmern, was das kollaborative Lernen und den Austausch bew\u00e4hrter Praktiken beg\u00fcnstigt.<\/p>\n<p>Durch die Wahl unserer Ausbildungsmodule k\u00f6nnen Unternehmen von zahlreichen Vorteilen profitieren. Sie k\u00f6nnen ihre internen Kommunikations- und Medienkompetenzen ausbauen, wodurch sie in ihren Kommunikationsaktivit\u00e4ten autonomer und reaktionsschneller werden. Sie k\u00f6nnen auch ihre Sichtbarkeit, ihren Ruf und ihre Marktposition durch wirksame Kommunikationsstrategien verbessern. Dar\u00fcber hinaus k\u00f6nnen Mitarbeiter, die an unseren Schulungen teilnehmen, ihre beruflichen F\u00e4higkeiten weiterentwickeln, was zu ihrer pers\u00f6nlichen Entwicklung und ihrem beruflichen Aufstieg beitr\u00e4gt.<\/p>\n<p>Zusammenfassend l\u00e4sst sich sagen, dass unsere Lernmodule im Bereich Kommunikation und Medien Unternehmen die M\u00f6glichkeit bieten, ihre F\u00e4higkeiten und ihr Verst\u00e4ndnis f\u00fcr effektive Kommunikationsstrategien zu verbessern. Wir verpflichten uns, qualitativ hochwertige Schulungen anzubieten, die auf die spezifischen Bed\u00fcrfnisse der jeweiligen Organisation zugeschnitten sind und von Experten auf diesem Gebiet durchgef\u00fchrt werden. Wir sind fest davon \u00fcberzeugt, dass Investitionen in die Ausbildung es Unternehmen erm\u00f6glichen, sich von der Masse abzuheben und in einem sich st\u00e4ndig wandelnden Kommunikationsumfeld zu florieren.<\/p>\n<a class=\"button primary is-outline lowercase\"  >\n    <span>Ich bin an einer Ausbildung interessiert<\/span>\n  <\/a>\n\n\n\n\t\t<\/div>\n\t\t\t\t\n<style>\n#col-234278308 > .col-inner {\n  padding: 0px 30px 0px 30px;\n}\n<\/style>\n\t<\/div>\n\n\t\n\n<\/div>\n\n\t\t<\/div>\n\n\t\t\n<style>\n#section_290471345 {\n  padding-top: 30px;\n  padding-bottom: 30px;\n  background-color: rgb(255, 255, 255);\n}\n#section_290471345 .ux-shape-divider--top svg {\n  height: 150px;\n  --divider-top-width: 100%;\n}\n#section_290471345 .ux-shape-divider--bottom svg {\n  height: 150px;\n  --divider-width: 100%;\n}\n<\/style>\n\t<\/section>\n\t\n\n","protected":false},"excerpt":{"rendered":"","protected":false},"author":3,"featured_media":0,"parent":0,"menu_order":0,"comment_status":"closed","ping_status":"closed","template":"page-blank.php","meta":{"footnotes":""},"class_list":["post-25057","page","type-page","status-publish","hentry"],"_links":{"self":[{"href":"https:\/\/www.mediagenic.ch\/de\/wp-json\/wp\/v2\/pages\/25057","targetHints":{"allow":["GET"]}}],"collection":[{"href":"https:\/\/www.mediagenic.ch\/de\/wp-json\/wp\/v2\/pages"}],"about":[{"href":"https:\/\/www.mediagenic.ch\/de\/wp-json\/wp\/v2\/types\/page"}],"author":[{"embeddable":true,"href":"https:\/\/www.mediagenic.ch\/de\/wp-json\/wp\/v2\/users\/3"}],"replies":[{"embeddable":true,"href":"https:\/\/www.mediagenic.ch\/de\/wp-json\/wp\/v2\/comments?post=25057"}],"version-history":[{"count":5,"href":"https:\/\/www.mediagenic.ch\/de\/wp-json\/wp\/v2\/pages\/25057\/revisions"}],"predecessor-version":[{"id":25270,"href":"https:\/\/www.mediagenic.ch\/de\/wp-json\/wp\/v2\/pages\/25057\/revisions\/25270"}],"wp:attachment":[{"href":"https:\/\/www.mediagenic.ch\/de\/wp-json\/wp\/v2\/media?parent=25057"}],"curies":[{"name":"wp","href":"https:\/\/api.w.org\/{rel}","templated":true}]}}

<div class="row row-collapse row-full-width align-middle align-center"  id="row-2015194683">


	<div id="col-431897358" class="col medium-6 small-12 large-6"  data-animate="fadeInLeft">
				<div class="col-inner"  >
			
			

<h1><span style="font-size: 140%;">Unsere Expertise im Dienste der Weiterbildung</span></h1>
<p>Wir bieten Schulungsmodule für Unternehmen in den Bereichen Kommunikation und Medien an.</p>

		</div>
				
<style>
#col-431897358 > .col-inner {
  padding: 60px 60px 60px 60px;
}
</style>
	</div>

	

	<div id="col-1921520792" class="col medium-6 small-12 large-6"  >
				<div class="col-inner"  >
			
			

	<div class="img has-hover x md-x lg-x y md-y lg-y" id="image_47852225">
								<div class="img-inner image-cover dark" style="padding-top:100%;">
			<img loading="lazy" decoding="async" width="1920" height="1080" src="https://www.mediagenic.ch/wp-content/uploads/2024/09/Design-sans-titre2.png" class="attachment-original size-original" alt="" srcset="https://www.mediagenic.ch/wp-content/uploads/2024/09/Design-sans-titre2.png 1920w, https://www.mediagenic.ch/wp-content/uploads/2024/09/Design-sans-titre2-300x169.png 300w, https://www.mediagenic.ch/wp-content/uploads/2024/09/Design-sans-titre2-1030x579.png 1030w, https://www.mediagenic.ch/wp-content/uploads/2024/09/Design-sans-titre2-768x432.png 768w, https://www.mediagenic.ch/wp-content/uploads/2024/09/Design-sans-titre2-1536x864.png 1536w" sizes="auto, (max-width: 1920px) 100vw, 1920px" />						
					</div>
								
<style>
#image_47852225 {
  width: 100%;
}
</style>
	</div>
	


		</div>
				
<style>
#col-1921520792 > .col-inner {
  padding: 0 0px 0px 0px;
  margin: 0 0px 0px 0px;
}
</style>
	</div>

	

</div>
	<section class="section" id="section_279023591">
		<div class="bg section-bg fill bg-fill  " >

			
			<div class="section-bg-overlay absolute fill"></div>
			

		</div>

		

		<div class="section-content relative">
			

<div class="row"  id="row-611989690">


	<div id="col-410212642" class="col small-12 large-12"  >
				<div class="col-inner"  >
			
			

<h2>Unser Engagement in der Weiterbildung und akademischen Ausbildung beim <strong>SAWI</strong></h2>

		</div>
				
<style>
#col-410212642 > .col-inner {
  padding: 0px 30px 0px 30px;
}
</style>
	</div>

	

	<div id="col-2040800851" class="col medium-6 small-12 large-6"  >
				<div class="col-inner"  >
			
			

<p>Unser Engagement als Referent in der Weiterbildung (Eidgenössischer Fachausweis) und akademischen Ausbildung (Bachelor) beim SAWI beruht auf unserer Leidenschaft für den Wissensaustausch, die praktische Erfahrung und die Weiterentwicklung von Marketing- und Wirtschaftsexperten.</p>
<p>Wir bieten umfassende Expertise in unserem spezifischen Bereich, basierend auf unserer Berufserfahrung und unseren Fachkenntnissen. Wir wissen, wie wichtig eine qualitativ hochwertige Weiterbildung ist, um mit den rasanten Entwicklungen in der Geschäfts- und Marketingwelt Schritt zu halten.</p>
<p>Durch die Zusammenarbeit mit dem SAWI haben wir die Möglichkeit, aktiv zum Lernen und zum Wachstum der Teilnehmer beizutragen. Wir können konkrete Beispiele, Fallstudien und Best Practices aus unserer Berufserfahrung weitergeben, wodurch die Teilnehmer eine praktische Perspektive erhalten und Fähigkeiten entwickeln, die in ihrem Tätigkeitsbereich anwendbar sind.</p>
<p>Als Referenten arbeiten wir eng mit dem pädagogischen Team des SAWI zusammen, um relevante und aktuelle Bildungsprogramme zu entwerfen. Wir bemühen uns, qualitativ hochwertige Inhalte bereitzustellen, die auf solider Forschung und effektiven pädagogischen Ansätzen beruhen.</p>

		</div>
				
<style>
#col-2040800851 > .col-inner {
  padding: 0px 30px 0px 30px;
}
</style>
	</div>

	

	<div id="col-998287912" class="col medium-6 small-12 large-6"  >
				<div class="col-inner"  >
			
			

<p>Wir achten auch auf die spezifischen Bedürfnisse der Teilnehmer und passen uns an ihr Kompetenzniveau und ihre beruflichen Ziele an.</p>
<p>Das Engagement als Referent im SAWI ermöglicht es uns auch, zur Entwicklung unserer eigenen Expertise beizutragen. Durch die Vorbereitung und Durchführung von Kursen vertiefen wir unser Verständnis der Themen, die wir unterrichten, bleiben mit den neuesten Trends und Forschungen auf dem Laufenden und verbessern unsere Fähigkeiten, Wissen zu kommunizieren und weiterzugeben.</p>
<p>Dieses Engagement in der beruflichen Weiterbildung und akademischen Ausbildung beim SAWI beruht auf unserem Wunsch, unser Wissen und unsere Erfahrung mit Fachleuten zu teilen. Wir bemühen uns, den Teilnehmern einen Mehrwert zu bieten, indem wir ihnen qualitativ hochwertige, praktische und relevante Inhalte zur Verfügung stellen. Es ist eine lohnende Gelegenheit, zum beruflichen Wachstum anderer beizutragen und gleichzeitig unsere eigene Entwicklung als Experten auf unserem Gebiet fortzusetzen.</p>

		</div>
				
<style>
#col-998287912 > .col-inner {
  padding: 0px 30px 0px 30px;
}
</style>
	</div>

	

</div>

		</div>

		
<style>
#section_279023591 {
  padding-top: 60px;
  padding-bottom: 60px;
}
#section_279023591 .section-bg-overlay {
  background-color: rgba(255, 255, 255, 0.785);
}
#section_279023591 .section-bg.bg-loaded {
  background-image: url(https://www.mediagenic.ch/wp-content/uploads/2023/06/Element-4nur-logo.png);
}
#section_279023591 .section-bg {
  background-position: 2% 15%;
}
#section_279023591 .ux-shape-divider--top svg {
  height: 150px;
  --divider-top-width: 100%;
}
#section_279023591 .ux-shape-divider--bottom svg {
  height: 150px;
  --divider-width: 100%;
}
</style>
	</section>
	
	<section class="section" id="section_290471345">
		<div class="bg section-bg fill bg-fill  bg-loaded" >

			
			
			

		</div>

		

		<div class="section-content relative">
			

<div class="row"  id="row-719032952">


	<div id="col-1904127163" class="col small-12 large-12"  >
				<div class="col-inner"  >
			
			

<h2>Wir bieten Ausbildungsmodule für Unternehmen in den Bereichen Kommunikation und Medien an.</h2>

		</div>
				
<style>
#col-1904127163 > .col-inner {
  padding: 0px 30px 0px 30px;
}
</style>
	</div>

	

</div>
<div class="row"  id="row-942315467">


	<div id="col-451646022" class="col medium-6 small-12 large-6"  >
				<div class="col-inner"  >
			
			

<p>Wir sind stolz darauf, Ausbildungsmodule für Unternehmen in den Bereichen Kommunikation und Medien anzubieten. Unser Ziel ist es, Unternehmen dabei zu unterstützen, ihre Fähigkeiten und ihr Verständnis für effektive Kommunikationsstrategien, digitale und traditionelle Medien sowie die neuesten Trends in diesen Bereichen zu stärken.</p>
<p>Unsere Lernmodule sind massgeschneidert, um den spezifischen Bedürfnissen jedes Unternehmens gerecht zu werden. Wir verstehen, dass jede Organisation ihre eigenen Herausforderungen und Ziele im Bereich der Kommunikation und der Medien hat. Daher arbeiten wir eng mit unseren Kunden zusammen, um Programme zu entwickeln, die auf ihre Bedürfnisse zugeschnitten sind.</p>
<p>Unsere Lernmodule decken ein breites Spektrum an Themen ab, wie z. B. das Management der Unternehmenskommunikation, die Erstellung einer effektiven Kommunikationsstrategie, das Management des Online-Rufs, Medienplanung, die Erstellung von ansprechenden Inhalten, digitales Marketing, soziale Medien, Öffentlichkeitsarbeit und vieles mehr.</p>
<p>Wir stützen uns auf unser umfassendes Fachwissen in den Bereichen Kommunikation und Medien, um qualitativ hochwertige Schulungen anzubieten. Unsere Trainer sind erfahrene Fachleute mit praktischen Kenntnissen der neuesten Trends und besten Praktiken. Sie sind in der Lage, ihr Wissen auf klare, einnehmende und interaktive Weise zu vermitteln.</p>

		</div>
				
<style>
#col-451646022 > .col-inner {
  padding: 0px 30px 0px 30px;
}
</style>
	</div>

	

	<div id="col-234278308" class="col medium-6 small-12 large-6"  >
				<div class="col-inner"  >
			
			

<p>Bei unseren Schulungen setzen wir verschiedene Lehrmethoden ein, wie z. B. Fallstudien, praktische Workshops, Simulationen, Gruppendiskussionen und Präsentationen. Wir fördern auch den Erfahrungsaustausch zwischen den Teilnehmern, was das kollaborative Lernen und den Austausch bewährter Praktiken begünstigt.</p>
<p>Durch die Wahl unserer Ausbildungsmodule können Unternehmen von zahlreichen Vorteilen profitieren. Sie können ihre internen Kommunikations- und Medienkompetenzen ausbauen, wodurch sie in ihren Kommunikationsaktivitäten autonomer und reaktionsschneller werden. Sie können auch ihre Sichtbarkeit, ihren Ruf und ihre Marktposition durch wirksame Kommunikationsstrategien verbessern. Darüber hinaus können Mitarbeiter, die an unseren Schulungen teilnehmen, ihre beruflichen Fähigkeiten weiterentwickeln, was zu ihrer persönlichen Entwicklung und ihrem beruflichen Aufstieg beiträgt.</p>
<p>Zusammenfassend lässt sich sagen, dass unsere Lernmodule im Bereich Kommunikation und Medien Unternehmen die Möglichkeit bieten, ihre Fähigkeiten und ihr Verständnis für effektive Kommunikationsstrategien zu verbessern. Wir verpflichten uns, qualitativ hochwertige Schulungen anzubieten, die auf die spezifischen Bedürfnisse der jeweiligen Organisation zugeschnitten sind und von Experten auf diesem Gebiet durchgeführt werden. Wir sind fest davon überzeugt, dass Investitionen in die Ausbildung es Unternehmen ermöglichen, sich von der Masse abzuheben und in einem sich ständig wandelnden Kommunikationsumfeld zu florieren.</p>
<a class="button primary is-outline lowercase"  >
    <span>Ich bin an einer Ausbildung interessiert</span>
  </a>



		</div>
				
<style>
#col-234278308 > .col-inner {
  padding: 0px 30px 0px 30px;
}
</style>
	</div>

	

</div>

		</div>

		
<style>
#section_290471345 {
  padding-top: 30px;
  padding-bottom: 30px;
  background-color: rgb(255, 255, 255);
}
#section_290471345 .ux-shape-divider--top svg {
  height: 150px;
  --divider-top-width: 100%;
}
#section_290471345 .ux-shape-divider--bottom svg {
  height: 150px;
  --divider-width: 100%;
}
</style>
	</section>
