{"id":20357,"date":"2023-07-11T11:11:15","date_gmt":"2023-07-11T09:11:15","guid":{"rendered":"http:\/\/preproduction.mediagenic.ch\/wp-content\/uploads\/2023\/07\/ico_mediagenic.jpeg"},"modified":"2023-08-07T11:45:08","modified_gmt":"2023-08-07T09:45:08","slug":"ico_mediagenic-2","status":"inherit","type":"attachment","link":"https:\/\/www.mediagenic.ch\/en\/ico_mediagenic-2\/","title":{"rendered":"ico_mediagenic"},"author":1,"featured_media":0,"comment_status":"open","ping_status":"closed","template":"","meta":[],"class_list":["post-20357","attachment","type-attachment","status-inherit","hentry"],"description":{"rendered":"<p class=\"attachment\"><a href='https:\/\/www.mediagenic.ch\/wp-content\/uploads\/2023\/07\/ico_mediagenic.jpeg'><img loading=\"lazy\" decoding=\"async\" width=\"228\" height=\"124\" src=\"https:\/\/www.mediagenic.ch\/wp-content\/uploads\/2023\/07\/ico_mediagenic.jpeg\" class=\"attachment-medium size-medium\" alt=\"Logo raccourci de l&#039;agence m\u00e9dia et digitale Mediagenic \u00e0 Lausanne\" \/><\/a><\/p>\n<p>MG repr\u00e9sente le logo raccourci de l&#8217;agence m\u00e9dia et digitale Mediagenic \u00e0 Lausanne, fond\u00e9e par Saverio Progano<\/p>\n"},"caption":{"rendered":"<p>MG repr\u00e9sente le logo raccourci de l&#8217;agence m\u00e9dia et digitale Mediagenic \u00e0 Lausanne, fond\u00e9e par Saverio Progano<\/p>\n"},"alt_text":"Logo raccourci de l'agence m\u00e9dia et digitale Mediagenic \u00e0 Lausanne","media_type":"image","mime_type":"image\/jpeg","media_details":{"width":228,"height":124,"file":"2023\/07\/ico_mediagenic.jpeg","filesize":3937,"sizes":{"thumbnail":{"file":"ico_mediagenic-80x80.jpeg","width":80,"height":80,"filesize":1677,"mime_type":"image\/jpeg","source_url":"https:\/\/www.mediagenic.ch\/wp-content\/uploads\/2023\/07\/ico_mediagenic-80x80.jpeg"},"cmplz_banner_image":{"file":"ico_mediagenic-228x100.jpeg","width":228,"height":100,"filesize":4036,"mime_type":"image\/jpeg","source_url":"https:\/\/www.mediagenic.ch\/wp-content\/uploads\/2023\/07\/ico_mediagenic-228x100.jpeg"},"full":{"file":"ico_mediagenic.jpeg","width":228,"height":124,"mime_type":"image\/jpeg","source_url":"https:\/\/www.mediagenic.ch\/wp-content\/uploads\/2023\/07\/ico_mediagenic.jpeg"}},"image_meta":{"aperture":"0","credit":"","camera":"","caption":"","created_timestamp":"0","copyright":"","focal_length":"0","iso":"0","shutter_speed":"0","title":"","orientation":"0","keywords":[]}},"post":null,"source_url":"https:\/\/www.mediagenic.ch\/wp-content\/uploads\/2023\/07\/ico_mediagenic.jpeg","_links":{"self":[{"href":"https:\/\/www.mediagenic.ch\/en\/wp-json\/wp\/v2\/media\/20357","targetHints":{"allow":["GET"]}}],"collection":[{"href":"https:\/\/www.mediagenic.ch\/en\/wp-json\/wp\/v2\/media"}],"about":[{"href":"https:\/\/www.mediagenic.ch\/en\/wp-json\/wp\/v2\/types\/attachment"}],"author":[{"embeddable":true,"href":"https:\/\/www.mediagenic.ch\/en\/wp-json\/wp\/v2\/users\/1"}],"replies":[{"embeddable":true,"href":"https:\/\/www.mediagenic.ch\/en\/wp-json\/wp\/v2\/comments?post=20357"}]}}

<p class="attachment"><a href='https://www.mediagenic.ch/wp-content/uploads/2023/07/ico_mediagenic.jpeg'><img loading="lazy" decoding="async" width="228" height="124" src="https://www.mediagenic.ch/wp-content/uploads/2023/07/ico_mediagenic.jpeg" class="attachment-medium size-medium" alt="Logo raccourci de l&#039;agence média et digitale Mediagenic à Lausanne" /></a></p>
<p>MG représente le logo raccourci de l&#8217;agence média et digitale Mediagenic à Lausanne, fondée par Saverio Progano</p>

<p>MG représente le logo raccourci de l&#8217;agence média et digitale Mediagenic à Lausanne, fondée par Saverio Progano</p>

Logo raccourci de l'agence média et digitale Mediagenic à Lausanne
