{"id":21392,"date":"2023-07-05T12:01:23","date_gmt":"2023-07-05T10:01:23","guid":{"rendered":"http:\/\/preproduction.mediagenic.ch\/wp-content\/uploads\/2023\/07\/2021-03-02-Famille-Progano-026.jpg"},"modified":"2023-08-07T11:31:37","modified_gmt":"2023-08-07T09:31:37","slug":"famille-progano-2-2","status":"inherit","type":"attachment","link":"https:\/\/www.mediagenic.ch\/it\/famille-progano-2-2\/","title":{"rendered":"Famille Progano"},"author":2,"featured_media":0,"comment_status":"open","ping_status":"closed","template":"","meta":[],"class_list":["post-21392","attachment","type-attachment","status-inherit","hentry"],"description":{"rendered":"<p class=\"attachment\"><a href='https:\/\/www.mediagenic.ch\/wp-content\/uploads\/2023\/07\/2021-03-02-Famille-Progano-026.jpg'><img loading=\"lazy\" decoding=\"async\" width=\"200\" height=\"300\" src=\"https:\/\/www.mediagenic.ch\/wp-content\/uploads\/2023\/07\/2021-03-02-Famille-Progano-026-200x300.jpg\" class=\"attachment-medium size-medium\" alt=\"Portrait de Saverio Progano, fondateur et CEO de l&#039;agence m\u00e9dia et digitale Mediagenic\" srcset=\"https:\/\/www.mediagenic.ch\/wp-content\/uploads\/2023\/07\/2021-03-02-Famille-Progano-026-200x300.jpg 200w, https:\/\/www.mediagenic.ch\/wp-content\/uploads\/2023\/07\/2021-03-02-Famille-Progano-026-687x1030.jpg 687w, https:\/\/www.mediagenic.ch\/wp-content\/uploads\/2023\/07\/2021-03-02-Famille-Progano-026-768x1152.jpg 768w, https:\/\/www.mediagenic.ch\/wp-content\/uploads\/2023\/07\/2021-03-02-Famille-Progano-026-1024x1536.jpg 1024w, https:\/\/www.mediagenic.ch\/wp-content\/uploads\/2023\/07\/2021-03-02-Famille-Progano-026-1365x2048.jpg 1365w\" sizes=\"auto, (max-width: 200px) 100vw, 200px\" \/><\/a><\/p>\n<p>Saverio Progano a fond\u00e9 l&#8217;agence Mediagenic \u00e0 Lausanne qui accompagne ses clients dans leur strat\u00e9gie m\u00e9dia afin d&#8217;amplifier leur notori\u00e9t\u00e9.<\/p>\n"},"caption":{"rendered":"<p>Saverio Progano a fond\u00e9 l&#8217;agence Mediagenic \u00e0 Lausanne qui accompagne ses clients dans leur strat\u00e9gie m\u00e9dia afin d&#8217;amplifier leur notori\u00e9t\u00e9.<\/p>\n"},"alt_text":"Portrait de Saverio Progano, fondateur et CEO de l'agence m\u00e9dia et digitale Mediagenic","media_type":"image","mime_type":"image\/jpeg","media_details":{"width":2560,"height":3840,"file":"2023\/07\/2021-03-02-Famille-Progano-026-scaled.jpg","filesize":356248,"sizes":{"medium":{"file":"2021-03-02-Famille-Progano-026-200x300.jpg","width":200,"height":300,"filesize":25812,"mime_type":"image\/jpeg","source_url":"https:\/\/www.mediagenic.ch\/wp-content\/uploads\/2023\/07\/2021-03-02-Famille-Progano-026-200x300.jpg"},"large":{"file":"2021-03-02-Famille-Progano-026-687x1030.jpg","width":687,"height":1030,"filesize":83231,"mime_type":"image\/jpeg","source_url":"https:\/\/www.mediagenic.ch\/wp-content\/uploads\/2023\/07\/2021-03-02-Famille-Progano-026-687x1030.jpg"},"thumbnail":{"file":"2021-03-02-Famille-Progano-026-80x80.jpg","width":80,"height":80,"filesize":17513,"mime_type":"image\/jpeg","source_url":"https:\/\/www.mediagenic.ch\/wp-content\/uploads\/2023\/07\/2021-03-02-Famille-Progano-026-80x80.jpg"},"medium_large":{"file":"2021-03-02-Famille-Progano-026-768x1152.jpg","width":768,"height":1152,"filesize":96768,"mime_type":"image\/jpeg","source_url":"https:\/\/www.mediagenic.ch\/wp-content\/uploads\/2023\/07\/2021-03-02-Famille-Progano-026-768x1152.jpg"},"1536x1536":{"file":"2021-03-02-Famille-Progano-026-1024x1536.jpg","width":1024,"height":1536,"filesize":148754,"mime_type":"image\/jpeg","source_url":"https:\/\/www.mediagenic.ch\/wp-content\/uploads\/2023\/07\/2021-03-02-Famille-Progano-026-1024x1536.jpg"},"2048x2048":{"file":"2021-03-02-Famille-Progano-026-1365x2048.jpg","width":1365,"height":2048,"filesize":238549,"mime_type":"image\/jpeg","source_url":"https:\/\/www.mediagenic.ch\/wp-content\/uploads\/2023\/07\/2021-03-02-Famille-Progano-026-1365x2048.jpg"},"cmplz_banner_image":{"file":"2021-03-02-Famille-Progano-026-350x100.jpg","width":350,"height":100,"filesize":20546,"mime_type":"image\/jpeg","source_url":"https:\/\/www.mediagenic.ch\/wp-content\/uploads\/2023\/07\/2021-03-02-Famille-Progano-026-350x100.jpg"},"full":{"file":"2021-03-02-Famille-Progano-026.jpg","width":2560,"height":3840,"mime_type":"image\/jpeg","source_url":"https:\/\/www.mediagenic.ch\/wp-content\/uploads\/2023\/07\/2021-03-02-Famille-Progano-026.jpg"}},"image_meta":{"aperture":"0","credit":"Ji photo - Julie Picq","camera":"","caption":"","created_timestamp":"0","copyright":"(c) 2021 Julie Picq","focal_length":"0","iso":"0","shutter_speed":"0","title":"Famille Progano","orientation":"0","keywords":[]},"original_image":"2021-03-02-Famille-Progano-026.jpg"},"post":null,"source_url":"https:\/\/www.mediagenic.ch\/wp-content\/uploads\/2023\/07\/2021-03-02-Famille-Progano-026.jpg","_links":{"self":[{"href":"https:\/\/www.mediagenic.ch\/it\/wp-json\/wp\/v2\/media\/21392","targetHints":{"allow":["GET"]}}],"collection":[{"href":"https:\/\/www.mediagenic.ch\/it\/wp-json\/wp\/v2\/media"}],"about":[{"href":"https:\/\/www.mediagenic.ch\/it\/wp-json\/wp\/v2\/types\/attachment"}],"author":[{"embeddable":true,"href":"https:\/\/www.mediagenic.ch\/it\/wp-json\/wp\/v2\/users\/2"}],"replies":[{"embeddable":true,"href":"https:\/\/www.mediagenic.ch\/it\/wp-json\/wp\/v2\/comments?post=21392"}]}}

<p class="attachment"><a href='https://www.mediagenic.ch/wp-content/uploads/2023/07/2021-03-02-Famille-Progano-026.jpg'><img loading="lazy" decoding="async" width="200" height="300" src="https://www.mediagenic.ch/wp-content/uploads/2023/07/2021-03-02-Famille-Progano-026-200x300.jpg" class="attachment-medium size-medium" alt="Portrait de Saverio Progano, fondateur et CEO de l&#039;agence média et digitale Mediagenic" srcset="https://www.mediagenic.ch/wp-content/uploads/2023/07/2021-03-02-Famille-Progano-026-200x300.jpg 200w, https://www.mediagenic.ch/wp-content/uploads/2023/07/2021-03-02-Famille-Progano-026-687x1030.jpg 687w, https://www.mediagenic.ch/wp-content/uploads/2023/07/2021-03-02-Famille-Progano-026-768x1152.jpg 768w, https://www.mediagenic.ch/wp-content/uploads/2023/07/2021-03-02-Famille-Progano-026-1024x1536.jpg 1024w, https://www.mediagenic.ch/wp-content/uploads/2023/07/2021-03-02-Famille-Progano-026-1365x2048.jpg 1365w" sizes="auto, (max-width: 200px) 100vw, 200px" /></a></p>
<p>Saverio Progano a fondé l&#8217;agence Mediagenic à Lausanne qui accompagne ses clients dans leur stratégie média afin d&#8217;amplifier leur notoriété.</p>

<p>Saverio Progano a fondé l&#8217;agence Mediagenic à Lausanne qui accompagne ses clients dans leur stratégie média afin d&#8217;amplifier leur notoriété.</p>

Portrait de Saverio Progano, fondateur et CEO de l'agence média et digitale Mediagenic
