{"id":21400,"date":"2023-07-11T14:31:13","date_gmt":"2023-07-11T12:31:13","guid":{"rendered":"http:\/\/preproduction.mediagenic.ch\/wp-content\/uploads\/2023\/07\/ico_media-1.png"},"modified":"2023-08-07T11:44:54","modified_gmt":"2023-08-07T09:44:54","slug":"ico_media-2-2","status":"inherit","type":"attachment","link":"https:\/\/www.mediagenic.ch\/it\/ico_media-2-2\/","title":{"rendered":"ico_media"},"author":1,"featured_media":0,"comment_status":"open","ping_status":"closed","template":"","meta":[],"class_list":["post-21400","attachment","type-attachment","status-inherit","hentry"],"description":{"rendered":"<p class=\"attachment\"><a href='https:\/\/www.mediagenic.ch\/wp-content\/uploads\/2023\/07\/ico_media-1.png'><img loading=\"lazy\" decoding=\"async\" width=\"229\" height=\"229\" src=\"https:\/\/www.mediagenic.ch\/wp-content\/uploads\/2023\/07\/ico_media-1.png\" class=\"attachment-medium size-medium\" alt=\"Logo raccourci de l&#039;agence m\u00e9dia et digitale Mediagenic \u00e0 Lausanne\" srcset=\"https:\/\/www.mediagenic.ch\/wp-content\/uploads\/2023\/07\/ico_media-1.png 229w, https:\/\/www.mediagenic.ch\/wp-content\/uploads\/2023\/07\/ico_media-1-80x80.png 80w\" sizes=\"auto, (max-width: 229px) 100vw, 229px\" \/><\/a><\/p>\n<p>MG repr\u00e9sente le logo raccourci de l&#8217;agence m\u00e9dia et digitale Mediagenic \u00e0 Lausanne, fond\u00e9e par Saverio Progano<\/p>\n"},"caption":{"rendered":"<p>MG repr\u00e9sente le logo raccourci de l&#8217;agence m\u00e9dia et digitale Mediagenic \u00e0 Lausanne, fond\u00e9e par Saverio Progano<\/p>\n"},"alt_text":"Logo raccourci de l'agence m\u00e9dia et digitale Mediagenic \u00e0 Lausanne","media_type":"image","mime_type":"image\/png","media_details":{"width":229,"height":229,"file":"2023\/07\/ico_media-1.png","filesize":1909,"sizes":{"thumbnail":{"file":"ico_media-1-80x80.png","width":80,"height":80,"filesize":1771,"mime_type":"image\/png","source_url":"https:\/\/www.mediagenic.ch\/wp-content\/uploads\/2023\/07\/ico_media-1-80x80.png"},"cmplz_banner_image":{"file":"ico_media-1-229x100.png","width":229,"height":100,"filesize":2379,"mime_type":"image\/png","source_url":"https:\/\/www.mediagenic.ch\/wp-content\/uploads\/2023\/07\/ico_media-1-229x100.png"},"full":{"file":"ico_media-1.png","width":229,"height":229,"mime_type":"image\/png","source_url":"https:\/\/www.mediagenic.ch\/wp-content\/uploads\/2023\/07\/ico_media-1.png"}},"image_meta":{"aperture":"0","credit":"","camera":"","caption":"","created_timestamp":"0","copyright":"","focal_length":"0","iso":"0","shutter_speed":"0","title":"","orientation":"0","keywords":[]}},"post":null,"source_url":"https:\/\/www.mediagenic.ch\/wp-content\/uploads\/2023\/07\/ico_media-1.png","_links":{"self":[{"href":"https:\/\/www.mediagenic.ch\/it\/wp-json\/wp\/v2\/media\/21400","targetHints":{"allow":["GET"]}}],"collection":[{"href":"https:\/\/www.mediagenic.ch\/it\/wp-json\/wp\/v2\/media"}],"about":[{"href":"https:\/\/www.mediagenic.ch\/it\/wp-json\/wp\/v2\/types\/attachment"}],"author":[{"embeddable":true,"href":"https:\/\/www.mediagenic.ch\/it\/wp-json\/wp\/v2\/users\/1"}],"replies":[{"embeddable":true,"href":"https:\/\/www.mediagenic.ch\/it\/wp-json\/wp\/v2\/comments?post=21400"}]}}

<p class="attachment"><a href='https://www.mediagenic.ch/wp-content/uploads/2023/07/ico_media-1.png'><img loading="lazy" decoding="async" width="229" height="229" src="https://www.mediagenic.ch/wp-content/uploads/2023/07/ico_media-1.png" class="attachment-medium size-medium" alt="Logo raccourci de l&#039;agence média et digitale Mediagenic à Lausanne" srcset="https://www.mediagenic.ch/wp-content/uploads/2023/07/ico_media-1.png 229w, https://www.mediagenic.ch/wp-content/uploads/2023/07/ico_media-1-80x80.png 80w" sizes="auto, (max-width: 229px) 100vw, 229px" /></a></p>
<p>MG représente le logo raccourci de l&#8217;agence média et digitale Mediagenic à Lausanne, fondée par Saverio Progano</p>

<p>MG représente le logo raccourci de l&#8217;agence média et digitale Mediagenic à Lausanne, fondée par Saverio Progano</p>

Logo raccourci de l'agence média et digitale Mediagenic à Lausanne
